. What is f(7)?
-1
Let w(d) = d**3 + 12*d**2 + 4*d + 20. Let x(h) = 3*h**2 + 3*h + 14. Let v(m) = -w(m) + x(m). Let t(f) = 9*f. Let k be t(-1). What is v(k)?
3
Let l(n) = n - 1 - 3*n - 3*n**2 + 2 + 0*n. Suppose 3*i = 5*i - 4*q - 368, -i + 178 = 4*q. Let y = -181 + i. What is l(y)?
-4
Let n(b) = -1792*b**3 - 1796*b**3 - 3*b**2 + 3589*b**3. Let i(t) = 36*t**3 - 17*t**2 - 2*t + 1. Let m(f) = -i(f) + 6*n(f). What is m(1)?
-30
Let d(v) = v**2 - 1659*v + 1662. Let k be d(1). Let g(i) = 11*i - 9. Let n(c) = -11*c + 8. Let r(p) = 3*g(p) + 4*n(p). Calculate r(k).
-39
Let x(a) be the first derivative of -2*a**2 + a + 2. Let r be -2*((-585)/(-36))/13*16/(-10). What is x(r)?
-15
Let h(p) = 8 + 4 - 3*p + 0 + 4. Let d be (-1)/6*72/(-6). Let f(b) = b - 5. Let z(u) = d*h(u) + 7*f(u). Give z(-5).
-8
Let x(z) = -9*z**2 + 183*z - 63. Let l be x(20). Let i(a) = -a**2 + 4*a - 1. What is i(l)?
-22
Let b(f) = 131*f - 786. Suppose 6 = -2*d - 3*o, -5*d + 63 = 4*o + 57. Give b(d).
0
Let r(c) = 4*c**2 - 1. Suppose h + o + 3*o - 14 = 0, 3 = 3*h - o. Let a be r(h). Let g(b) = 4 + 14*b + b**3 - 3*b**2 - a*b + 0. Calculate g(3).
1
Let u = -7 - -3. Let k(z) be the second derivative of -z**3/6 + z**2/2 + z - 337. What is k(u)?
5
Let m = 93 + -88. Suppose -2*p + m = -4*i - 9, -i - 4*p - 8 = 0. Let n(c) = c**2 + 2*c - 3. Determine n(i).
5
Let f(n) = 17*n**3 + 4*n**2 - 13*n + 2. Let m(w) be the second derivative of 2*w**5/5 + w**4/6 - w**3 + w**2/2 - 21*w. Let a(j) = 4*f(j) - 9*m(j). What is a(1)?
-5
Let t be 42/6 + -9 + -23. Let p(g) = -2*g**2 - 48*g + 44. Determine p(t).
-6
Let d(f) = f**3 + 5*f**2 + 2*f + 6. Suppose x + 56 = 4*c, 2*x - 2*c + 77 = -c. Suppose -12*w = -6*w - 186. Let l = w + x. Calculate d(l).
-4
Let a(k) = 2*k + 72. Let g be ((-1)/(-2))/((-149)/12218) + 1*3. Calculate a(g).
-4
Let p(g) be the second derivative of 2*g**4 - 3/40*g**5 - 1/720*g**6 + 0*g**3 + 0 + 0*g**2 - 27*g. Let b(r) be the third derivative of p(r). Determine b(-9).
0
Let b(p) = -p**2 - p - 1. Let t(z) = 1 - 71*z + 22*z + 2*z**3 + 18*z + 34*z**2. Let g be t(-18). Let d = g + 91. Determine b(d).
-7
Let p(n) = -n**3 + 7*n**2 + 8*n + 2. Let c be 310/15*(-6)/(-4). Suppose 1 + c = 4*o. Determine p(o).
2
Let x(l) = 170*l - 167*l - 1155 - l**2 + 1153. Calculate x(-3).
-20
Suppose -4 = z + z. Suppose -14*l + 120 = 26*l. Let m(x) = l*x**2 + 3*x**2 - 1 + 3*x**2 + 2*x - x - 13*x**2. Determine m(z).
-19
Let b(o) be the second derivative of 6*o**3 - 5*o**3 + 2*o - 28 - 4*o**3 - 3*o. Suppose -2*t + 5*w + 9 = 1, -3*t - 11 = 4*w. Calculate b(t).
18
Let h(r) = -r**2 - 3*r + 34. Let l = 3108 - 3115. Give h(l).
6
Let b(k) = 8*k + 32. Let z(j) = -5*j - 3. Let a(o) = 3*b(o) + 6*z(o). Give a(12).
6
Let f = -5291 - -5289. Let c(o) = -9*o - 6. What is c(f)?
12
Suppose 318*j + 235 + 13 = -388. Let l(z) = z - 1. Let m(q) = -4*q**2 - 6*q. Let h(p) = 2*l(p) + m(p). Give h(j).
-10
Suppose -3672*l - 27 = -3663*l. Let v(u) = -6*u**3 - 3*u**2 - u - 3. Let j(h) = -5*h**3 - 3*h**2 - h - 3. Let x(d) = -5*j(d) + 4*v(d). Calculate x(l).
0
Let q = 5089 - 5081. Let x(z) be the third derivative of z**4/24 - 2*z**3/3 + z**2. Calculate x(q).
4
Let r(h) = -h**2 - 5*h + 6. Let g be r(-4). Let w(k) = k**2 - 7*k - 23. Let p be w(g). Suppose -8 = -p*u - 22. Let z(t) = t**3 - t**2 - 2*t - 2. Determine z(u).
-10
Let z(y) = -4 - y**2 + 6*y**2 + 166*y**3 + 168*y**3 - 333*y**3 - 1. What is z(-4)?
11
Let m(i) = -5*i + 16. Let l(p) be the first derivative of -13*p**2/2 + 49*p - 33. Let w(y) = -3*l(y) + 8*m(y). Give w(-14).
-5
Let s be 2 - (-87)/6 - (60/(-8) + 10). Let p(k) = -2*k + 46. What is p(s)?
18
Let z(x) = 4*x + 0*x**2 - 228 + 232 - x**2. Let n(j) = 22*j - 3. Let c be n(-3). Let s = c + 73. Calculate z(s).
4
Let o(a) be the first derivative of a**4/4 - 4*a**3/3 - 4*a**2 + 14*a + 4458. Determine o(5).
-1
Let n(b) = -2*b**2 + 13*b - 10. Let r be n(5). Let q(x) = -25*x - 5 + r + 18*x + x**2. Determine q(5).
-10
Let r(j) = -j**2 + 2*j + 3. Suppose 88*g + 1836 = 139*g. Suppose 152 = 6*n - 2*n. Let o = g - n. What is r(o)?
-5
Let y(o) = 5*o - 5. Let k(p) = -8*p + 9. Let q(a) = -2*k(a) - 3*y(a). Let r(i) = i**3 + 16*i**2 + i + 9. Let j be r(-16). Give q(j).
-10
Let m(i) = -i**3 + 3*i**2 + 6*i - 13. Suppose -n - 81 = 175*n - 609. Determine m(n).
5
Let g(d) = -d + 13. Let s(a) = 5 - 3 - 2 - 1. Let i(v) = g(v) + 4*s(v). Let u be (0 + 0)*(-20 - -19). Give i(u).
9
Let b(d) = -13*d - 1. Let a(c) = -8*c. Let y(j) = -8*a(j) + 5*b(j). Let n = -6 - -10. Suppose -n*o - 19 = 5. Determine y(o).
1
Let y(j) = 3*j**2 + 20*j + 32. Suppose -9*h - 9*h = -4*h + 70. Give y(h).
7
Let m = -195 + 111. Let a = 82 + m. Let q(c) = c + 2. Calculate q(a).
0
Let z(c) = -201*c**2 + 12*c - 10. Let u(o) = -172*o**2 + 11*o - 9. Let k(a) = 7*u(a) - 6*z(a). Suppose 0 = -t - 4. Give k(t).
9
Let t = -77 - -79. Let k(z) = -52 + 52 + 14*z**t. Determine k(-1).
14
Let a(s) be the second derivative of s**4/12 - 2*s**3 - 2289*s. Determine a(12).
0
Let n(b) be the first derivative of -b**3/3 - b**2/2 + 22*b + 10. Let a(g) = g**2 + 7*g + 12. Let t be a(-4). Suppose t = -3*k - k. What is n(k)?
22
Let f be 70/(-4) - 63/(-14). Let z(h) = -h**3 - 12*h**2 + 13*h - 1. Calculate z(f).
-1
Let g(z) = -4*z + 3*z + 2 + 8 + 3. Let f be g(13). Suppose f = -8*y - 8. Let h(n) = -7*n - 1. What is h(y)?
6
Let w(o) = -164*o**2 + 4 - 3 + 5 + 149*o**2 + 14*o + o**3. Suppose -5*s + 64 = -2*d, 33 = 3*s - 6*d + 3*d. Give w(s).
6
Let q(m) = -m**3 + 2*m**2 - 2*m - 4. Suppose 0 = 26*p - 1580 + 13488. Let u = -455 - p. Calculate q(u).
-19
Suppose -4*w - 8 = 0, 2*y = 152*w - 149*w + 18. Let h(t) = t**3 - 3*t**2 - 15*t + 7. Determine h(y).
25
Let h be 3*-2*16/(-16). Let v be (-2)/(-3)*h/1. Let m(b) = b**3 + v*b - 20 - 5*b + 12. Determine m(0).
-8
Let z(o) be the third derivative of -1/4*o**4 + 1/12*o**5 - 1/120*o**6 + 0 + 1/6*o**3 + 0*o + 2*o**2. Let a be (1142/(-1713))/(2/(-12)). Give z(a).
-7
Let u(b) = 307 - 306 + b**2 + 53*b - 51*b. Give u(-1).
0
Let c(t) be the third derivative of t**5/60 - t**4/24 + t**3/3 - 9733*t**2 + 3*t. Let q(z) = -2*z - 1. Let j be q(-2). Give c(j).
8
Let j(g) = 2*g**2 - 16*g + 3. Suppose 25*w + 152 = 44*w. Let b be j(w). Let c(h) = h**2 + h - 9. Determine c(b).
3
Let h = -223 + 90. Let g = -129 - h. Let k(q) be the second derivative of -q**3/6 - q**2 + 2*q. Determine k(g).
-6
Let w be 1431/106*(-1)/(-3)*(-4)/(-3). Let x(v) = -5*v + 21. Calculate x(w).
-9
Let f be -5 + 35/5 + (-13)/(91/28). Let v(m) = -m**3 + 5*m**2 + 11*m - 1. Give v(f).
5
Let y(c) = -40*c**3 + 81*c**2 - 5*c - 22. Let r(h) = 18*h**3 - 37*h**2 + 2*h + 10. Let k(m) = 9*r(m) + 4*y(m). Determine k(3).
-31
Let x = -437 + 439. Let j(d) = x + 88*d - 56*d + 2*d**2 - 37*d. Let g(n) = n**3 + 4*n**2 + 3*n + 1. Let s be g(-2). Determine j(s).
5
Let b(z) = -9*z - 4. Let y(l) = l**2 - 10*l + 23. Let j be y(6). Determine b(j).
5
Let m(a) = -2*a - 182. Let v(f) = 5*f + 200. Let t(g) = 6*m(g) + 5*v(g). Give t(8).
12
Let z be (72/9)/(2/(-2)). Let j be (9/2)/((-4)/z). Let a(t) = 5*t + 2 - t**2 + 3*t + 8 - 2 + 2. Determine a(j).
1
Suppose 8 = 2*s + 2*b + 2*b, 24 = 2*s - 4*b. Let l(y) = -2 + 63*y - y**2 - 37 - 54*y + 37. What is l(s)?
6
Let g = 91 - 117. Let a = -14 + 39. Let o = g + a. Let c(w) = 3*w**2 + 1. What is c(o)?
4
Suppose 2*z = 28 - 30. Suppose 13*w - 16*w = -72. Let d(u) = 54*u + 1 - w*u - 22*u. What is d(z)?
-7
Let d(o) = 46*o**2 + 44*o**2 + 6 - 93*o**2 + 12*o. Let c be d(4). Let n(j) = -j + 5. Give n(c).
-1
Let k(x) = x**2 - 7*x + 1. Let r be ((-6711)/(-15) - 0) + (-6)/15. Let w = -442 + r. Determine k(w).
-9
Let m(y) = 5*y**3 - 2*y**2 + 4*y + 1. Let t(p) = -13*p**3 + 5*p**2 - 12*p - 3. Let g(r) = -8*m(r) - 3*t(r). Determine g(3).
-5
Suppose 3*f = 5*n - 38, 5*n - 5*f - 32 = 8. Let z(v) = -8*v - 6*v**2 + 3 - 135*v**3 - 9 + 136*v**3. Determine z(n).
-13
Let n(t) = 2*t**3 + 27*t**2 + 19*t + 85. Suppose 15*j = -8316 + 8121. What is n(j)?
7
Let a(i) = -28*i + 76 + 75*i - 82 - 26*i. Give a(1).
15
Let y = 31 - 37. Let t be (54/(-45))/((-3)/5). Let p(f) = 8 + f + 0*f - t*f + 4*f. Calculate p(y).
-10
Suppose -49*s + 383 - 76 = -526. Let a(i) = i - 47. What is a(s)?
-30
Let a(z) be the first derivative of z**2/2 - 4*z + 19. Let w(u) = -1 - 3 - 4*u + 1 + 0. Let l be w(-2). Calculate a(l).
1
Let y(w) = -3*w + 2. Let g(l) = -l - 1. Let k(x